 the tens digit of g?
2
Let x(c) = -2*c**2 - 12*c - 3*c**2 - 2 + 2*c - 1 + c**3. What is the units digit of x(7)?
5
Let a = 11 - 6. Suppose 0 = -3*j - 3, -2*r + 4 = a*j - 5. What is the units digit of r?
7
What is the hundreds digit of (-1002)/(-4)*(-24)/(-36)?
1
Let q(k) = -k**3 - 5*k**2 + 6*k. Let g be -12*(5/(-2))/(-5). Let t be q(g). Suppose 9 = h - t. What is the units digit of h?
9
Let b = -13 + 22. Let j be (-447)/(-21) + (-2)/7. Suppose 3*c = b + j. What is the units digit of c?
0
Let q(c) = c**2 - c - 1. Let x be q(-2). Suppose -3*p = 1 + x. Let u(s) = -5*s - 1. What is the units digit of u(p)?
9
Let s(i) = -404*i**3 - 5*i - 5. What is the hundreds digit of s(-1)?
4
Let q = 1 + 3. Let j(z) = -3*z**2 + 6 - z**3 + 2*z + 2*z**3 - 4*z - 3*z. What is the units digit of j(q)?
2
Suppose -9 = -4*w + 219. Suppose -2*o + 15 = -w. What is the tens digit of o?
3
Suppose 5*u - 4*d = 464 + 714, -229 = -u + 3*d. What is the units digit of u?
8
Let l = -82 + 177. What is the tens digit of l?
9
Suppose -3*c - 81 = -3*y, -78 = 4*c + y + y. Let r = 55 + c. What is the units digit of r?
3
Let i = -11 - -47. What is the tens digit of i?
3
Let g be (-2)/(-6)*1*9. Suppose -c + g + 3 = 0. What is the units digit of c - ((-1)/1 - -1)?
6
Let f(a) = 3*a**2 - 6*a - 4. What is the tens digit of f(5)?
4
Suppose 0*g = 5*g - c - 13, -2*g + 3*c + 13 = 0. Suppose x + g*x = -3. What is the units digit of (x + 0)*(-32)/2?
6
What is the units digit of 3 - -4*(-4)/16?
2
Let j(p) = -p - 3. Let s(r) = -r**2 - 2*r + 1. Let o be s(3). What is the units digit of j(o)?
1
Let d(o) = -3*o - 3. Let w be 1*(-2)/6*-6. Suppose -3*h = w*h + 10. What is the units digit of d(h)?
3
Suppose 2*j - 7 - 8 = 3*a, 0 = 5*j - a - 31. Let y(x) = -x + 7. What is the units digit of y(j)?
1
Let u(c) = -9*c**3 - c**2 + 3*c + 2. What is the units digit of u(-2)?
4
Let s be 0 + (-7)/((-7)/20). Let g = s - 10. What is the units digit of g?
0
Suppose 16 = 2*g + 2*g + 4*r, r + 2 = 2*g. Suppose o = g*o. What is the units digit of o - 2 - (1 + -10)?
7
Suppose 3*s = -12, -13 = -5*z - 2*s + 4*s. What is the units digit of (-1 - 1)*(z + -3)?
4
Suppose 3*y + 4*q = 8, 3*y - 2*q + 6 = 4*y. What is the tens digit of 2/y + 115/10?
1
What is the units digit of (-910)/(-3) + -4 - (-1)/(-3)?
9
Suppose -4*n + 70 = 5*c - 0*n, 0 = 4*c - n - 35. Let z be 5/(5/(-2)) + c. Let l(w) = 2*w - 6. What is the units digit of l(z)?
0
Let r(q) be the second derivative of -1/12*q**4 - q + 1/6*q**3 - 1/2*q**2 + 0 + 4/5*q**5. What is the tens digit of r(1)?
1
Suppose -265 = -5*a + m, a = -4*a + 4*m + 265. What is the units digit of a?
3
What is the tens digit of ((-155)/10)/(2/(-4))?
3
Let i(t) = -4 - 4*t**2 + 2*t**2 - 2*t + 5 - t**3. Let a be i(-2). Suppose 3*l = a + 22. What is the units digit of l?
9
What is the tens digit of (-6)/(-20)*-16*(-520)/39?
6
Let i(j) be the second derivative of j**6/120 - j**5/30 + j**3/3 + j**2/2 - 2*j. Let n(p) be the first derivative of i(p). What is the units digit of n(2)?
2
Let q(h) = 9*h**2 - h. Let k be q(-1). Let x be 198/k - 2/(-10). Suppose x = 3*r - r. What is the tens digit of r?
1
Let w(i) = -9*i - 32. Let r(s) = -3*s - 11. Let o(q) = -11*r(q) + 4*w(q). What is the units digit of o(-9)?
0
Let i(t) = t + 1. Let s be i(4). Suppose -37 + s = -2*u. What is the tens digit of u?
1
Suppose -q + 5*q + 5*v = 26, -14 = -q - 5*v. Let i be (3*11/(-3))/(-1). Suppose q*z - 4*f = 68, i = 2*z - 5*f - 29. What is the units digit of z?
5
What is the tens digit of (-749)/(-9) + 4/(-18)?
8
Suppose -5*s + s + 32 = 0. Suppose -5*f = -f - s. Suppose d - f*k = 2, 0 = d + 2*d + 3*k - 33. What is the units digit of d?
8
Suppose 1 = -3*p + 7. Suppose 0 = -3*f - 4*k + 121, -p*f + 0*k + 78 = 4*k. What is the units digit of f?
3
Let b be -2 + (-1 + -2)*1. Let v(f) = -f + 3. Let y be v(b). Let l(q) = q - 3. What is the units digit of l(y)?
5
Let c = -8 - -40. Suppose -9 = -l - z, -c = -4*l - z - 2*z. Suppose 35 = l*k - 2*r, -5*k - r + 35 = -0*r. What is the units digit of k?
7
Let h be (-4)/(-3)*(-6)/(-4). Suppose i + h*n = -2, 2*n + 3 - 5 = i. What is the units digit of i*7*1/(-2)?
7
Let f(j) = 2*j**2 + j - 1. Let n be f(1). Let t = 21 + n. What is the units digit of t?
3
What is the units digit of -39*(4/6 - (-4)/(-2))?
2
Let d(f) = 34*f**2 + 6*f - 2. What is the hundreds digit of d(-2)?
1
Let n(o) = -5*o**2 + 7*o + 3. Let v be 1 + (0 - 1 - -3). Let j(z) = -4*z**2 + 6*z + 3. Let y(b) = v*n(b) - 4*j(b). What is the units digit of y(-2)?
7
Suppose 2*z - 3*z + 14 = 0. What is the units digit of z?
4
What is the hundreds digit of (-4)/14 - (5576/(-14) - 0)?
3
Let c = 3 + -3. Suppose c = -3*f - 5*m + 38, 2*f = -m + 25 + 12. What is the units digit of f?
1
Let y(f) = 2*f**2 + 2*f + 3. Suppose -2*w + 4*w = 0. Suppose -2*p = 10, -4*d - p + w - 13 = 0. What is the units digit of y(d)?
7
Suppose 4*a - 100 = -0*a. Let s = 45 - a. Suppose 0*h + 4*h = s. What is the units digit of h?
5
Suppose 0 = 5*c - 0*c. Suppose -5*n = -c*n - 30. What is the units digit of n?
6
What is the units digit of (-2)/(-10) + 6*46/20?
4
What is the units digit of 82/((-2)/(-12)*4) + 3?
6
Suppose -2*h + 86 = 26. Let l be (-6)/(-4)*h/9. Suppose 4*v + 15 = l*g - 3, -2 = 2*g + 3*v. What is the units digit of g?
2
Let w(r) = -12*r - 2. What is the tens digit of w(-8)?
9
What is the units digit of 2 + -2 + 13 + -5?
8
Suppose 2*j + 59 = -3*p, 5*j + 11 = -5*p - 84. Let x = 6 - p. Suppose x + 48 = 5*v. What is the tens digit of v?
1
Let c = 164 - -34. What is the tens digit of c?
9
What is the tens digit of (-582)/(-21) + (-10)/(-35)?
2
Let w(i) be the second derivative of -2*i + 2*i**2 + 0 + 1/6*i**3. What is the units digit of w(3)?
7
Let q be 16/7 + 4/(-14). Suppose 8 = -2*m + 2. What is the units digit of m/6*q*-1?
1
Suppose 4*o = -4*s + 52, -29 = -3*s - 6*o + 5*o. What is the units digit of s?
8
Suppose 34 = -2*p + 3*s + 117, -3*s - 181 = -4*p. What is the tens digit of p?
4
What is the units digit of 142/(-8)*-4 - (0 + 0)?
1
Let c be (4/3)/(3/9). Suppose -c*h + 41 + 31 = 0. What is the units digit of h?
8
Let i(w) = -w**3 - 3*w**2 + 4*w + 4. What is the tens digit of i(-5)?
3
Suppose 0 = 8*p - 5*p - 159. Let i = -32 + p. What is the units digit of i?
1
Let l = -28 - -42. What is the tens digit of l?
1
Let y = 17 + 13. What is the units digit of y?
0
Let n = 1 - 1. Suppose 0 = b - n*b + 3*i + 11, 5*b - 5*i - 45 = 0. Suppose 2*d - b = 4. What is the units digit of d?
4
Let n = 100 + 42. Suppose -n = j - 4*j - 5*a, -128 = -3*j + 2*a. What is the units digit of j?
4
Suppose -4*m = m - n + 14, 0 = -m + 2*n - 1. Let u = 1 + 14. What is the units digit of (m - (1 + -2)) + u?
3
Let o(k) be the third derivative of k**8/1680 - k**4/24 - 2*k**2. Let w(u) be the second derivative of o(u). What is the units digit of w(1)?
4
Suppose 5*r + 54 = -5*d - 101, r = 4*d + 149. What is the units digit of (-280)/d + 2/9?
8
Let a be 1/(-4) - 15/(-12). Suppose a = -k, 2*i + k - 3 = -0*k. What is the units digit of i?
2
Let u(t) = -2*t - 19. What is the units digit of u(-11)?
3
Let p(u) = u**3 + 2*u**2 - 4*u + 2. Let z be p(2). Suppose 3*i = -z + 46. Suppose 4*o - i = 8. What is the units digit of o?
5
Suppose 4*y - 262 = c - 6*c, 3*c + 210 = 3*y. What is the units digit of y?
8
Suppose -2*c - c = -12. Suppose -c*j + 15 = -j. What is the units digit of j?
5
Let k = 42 + -279. What is the tens digit of (-2)/7 + k/(-21)?
1
Let u = -4 + 2. Let x = u + 6. What is the units digit of x?
4
Suppose d + g = 5*g - 38, -5*g = 2*d + 37. Let y = -17 - d. What is the units digit of 4/6 + 75/y?
9
Let s(z) = -23*z - 1. Let j be s(3). What is the units digit of j/(-4) - 2/(-4)?
8
Suppose -4*s + 6 + 2 = 0. Suppose -x + s + 1 = 0. What is the units digit of x?
3
Let y = -144 + 324. What is the hundreds digit of y?
1
Let w = -7 + 10. Suppose -4*o + w*o = -12. What is the units digit of o?
2
Let z(r) = -21*r + 4. What is the tens digit of z(-1)?
2
Let h(j) be the second derivative of -1/6*j**3 + 0 + 9/2*j**2 + 3*j. What is the units digit of h(6)?
3
Let i be 2/2*(26 + 1). Let m = i + -18. Suppose -2 = c - m. What is the units digit of c?
7
Let j be 6 + (0 - (1 + -2)). Let i(p) = -p**3 + 8*p**2 - 2*p + 1. What is the tens digit of i(j)?
3
What is the units digit of (-12)/42 + (-228)/(-14)?
6
Suppos